3, 1373
Suppose -5*v + 6*v - 588 = 0. Suppose 0 = -3*w, -4*x + v = -0*w + 4*w. Suppose -2*o + 0*o + b = -x, -387 = -5*o - 4*b. What are the prime factors of o?
3, 5
Suppose -t + q = 3 - 4, 4*t = -5*q + 31. Suppose -5*u + 45 = j + t*j, 2*u = -4. List the prime factors of j.
11
Let f = 243 + -28. Let c = f + -48. Suppose -2*u = -a + c, 643 = 4*a - 3*u - 0*u. List the prime factors of a.
157
Let y(f) = 410*f**2 - 5*f - 141. List the prime factors of y(-7).
2, 1249
Suppose 8577481 = 205*g - 1379720 + 1199601. List the prime factors of g.
2, 3, 5, 89
Let d(l) = l**3 - 34*l**2 + 63*l + 15. Let x be d(32). List the prime factors of 3/12 + x/4 + 455.
11, 41
Suppose -7249 = 9*l + 3506. Let k = l - -1675. List the prime factors of k.
2, 3, 5
Let f be (2 - 22)*-3 + -1. Suppose -5*k + 944 = f. List the prime factors of k.
3, 59
Suppose -3*q - 2955 - 939 = 0. Let p = -795 - q. List the prime factors of p.
503
Suppose 2*b - 3*b + j + 733 = 0, 3*b - 2175 = -3*j. Let g = b + -520. What are the prime factors of g?
11, 19
Suppose -4*s - 3*q = -5832, -4*s - 4*q = -6*s + 2894. Suppose -s = -7*h + 2899. What are the prime factors of h?
2, 311
Suppose -4*l = 4*n - 2*l + 28, 4*n + 4*l = -20. Let w = 295 + -242. Let a = n + w. List the prime factors of a.
2, 11
Suppose 2*c + 221 = 225. Suppose 0 = -4*b - c*b + 252. List the prime factors of b.
2, 3, 7
Let v = -34731 + 121666. List the prime factors of v.
5, 17387
Let d(i) = 3*i + 298. Let f be d(31). Let x = 1148 - f. What are the prime factors of x?
757
What are the prime factors of (7703345/1209)/(6/(-15) + (-22)/(-30))?
5, 3823
Suppose -191*j = -186*j - 5, -5*d - 4*j + 163049 = 0. What are the prime factors of d?
32609
Let h = 679 - 67. List the prime factors of h.
2, 3, 17
Let a(s) = 938*s**3 + s**2 + s - 1. Let m be a(1). Suppose -6*g + 417 = -m. List the prime factors of g.
2, 113
Suppose -6*w = 6*w - 2184. Let m = w + -174. What are the prime factors of m?
2
Let c(m) = m**2 + 3*m - 70. Let i be c(-13). List the prime factors of i - ((-4 - -3) + 1 + -4).
2
Suppose -2*p + 5*m + 7850 = -4095, -4*p + 4*m + 23908 = 0. What are the prime factors of p?
2, 5, 13, 23
Let z(p) = 31*p**2 + 13*p - 82. Let q be z(-16). Suppose 0 = 27*n - q - 12361. List the prime factors of n.
3, 13, 19
Let g = -76613 + 124812. What are the prime factors of g?
157, 307
Let t = 127 + -123. Suppose -5*p + 3 + 32 = 0. Suppose 0 = p*s - t*s - 63. What are the prime factors of s?
3, 7
Let d = -345 + 415. List the prime factors of (2718/(-36))/((-5)/d).
7, 151
Suppose -28*z + 34671 + 590387 = 73766. List the prime factors of z.
3, 6563
Let b(r) = 1087*r**2 - 50*r + 4. What are the prime factors of b(-3)?
19, 523
Let l = -120 - 299. Let o = 458 + l. What are the prime factors of o?
3, 13
Suppose -4*v = 4*w - 236, 21*w = v + 17*w - 59. Suppose 69*y = v*y + 4810. List the prime factors of y.
13, 37
Suppose -s - 126230 = -2*y, -4*s = 59*y - 62*y + 189350. List the prime factors of y.
2, 3, 67, 157
Let o be (-4 - (-17)/2)/((-9)/(-72)). Suppose -7*r - o = -8*r. List the prime factors of r.
2, 3
Let r(c) = c**2 + 8*c + 733. Let f(a) = -2*a. Let j(b) = 6*f(b) + r(b). What are the prime factors of j(0)?
733
Let o(z) = -z**2 + 24*z + 18. Let c be o(22). Let q be (-5 + 4)/(2/c). Let d = q - -56. List the prime factors of d.
5
Suppose 11205 = -0*g + 3*g. Suppose 5*y = -2*k - 4524, -4*k - g = 5*y + 783. List the prime factors of y/(-10) - 9/((-180)/8).
7, 13
Let a be 3 + (-4 - 3)*-65. Suppose 3*v + 5*l + 34 - a = 0, 0 = l + 4. Suppose -2*o + 7*r = 3*r - v, 261 = 4*o - r. List the prime factors of o.
2
Let q be (-23)/2*(-10)/5. Suppose 5*f - 40 = -5*l, f + f = 5*l + q. Suppose f*j - 466 = 677. What are the prime factors of j?
127
Let u(s) be the second derivative of -3*s**2 - 9*s + 17/3*s**4 + 1 - 2/3*s**3. What are the prime factors of u(-2)?
2, 137
Suppose 0 = -4*g + h + 104044, -5*h + 10*h = 5*g - 130055. List the prime factors of g.
19, 37
Suppose 18 = 12*r - 18. Suppose -r*b + 5707 = 10*b. What are the prime factors of b?
439
Let l be -2*((-7)/4*-2 + -4). List the prime factors of 92/3*6/l.
2, 23
What are the prime factors of ((-50)/(-4))/((-2)/4*41/(-60311))?
5, 1471
Let r = 18 - 24. Let t be (-280)/45 + 0 + 8/36. List the prime factors of 43 + (10/t - 4/r).
2, 3, 7
Let b(q) = 7548*q**3 - 10*q**2 - 2*q + 11. List the prime factors of b(1).
7547
Let b(u) = 410*u**3 + 29*u - 95. List the prime factors of b(3).
2, 5531
Let k(v) = -25*v**3 + 3*v + 1. Let a be 1/(-2)*(-5)/10*-4. List the prime factors of k(a).
23
Let a(g) be the second derivative of -g**5/10 - g**4/6 + g**3 + 7*g**2 + 99*g. List the prime factors of a(-2).
2, 5
Let c(f) = 9*f**2 - 402*f + 5696. What are the prime factors of c(14)?
2, 229
Suppose 208*m - 94680 = -10*m + 556050. List the prime factors of m.
3, 5, 199
Let q(k) be the third derivative of -k**6/120 - 13*k**5/60 - 3*k**4/8 + 19*k**3/6 - 10*k**2 - k. List the prime factors of q(-13).
2, 17
Suppose 3*m = 2*a + 30564, -3141 = -4*m + 3*a + 37613. What are the prime factors of m?
2, 19, 67
Let d be ((-2264)/10)/(68/170). Let i = d - -867. What are the prime factors of i?
7, 43
Let r(s) = 53*s + 593. What are the prime factors of r(8)?
3, 113
Suppose 2*o = -3*o + z + 42, 3*o - 4*z - 32 = 0. Suppose y + 3591 = o*y. What are the prime factors of y?
3, 19
Let a(i) = -2*i**3 - 6*i**2 + 10*i + 8. Let j be a(-4). Suppose 2*b = r - 12, 2*r + j*b - 39 = b. What are the prime factors of r?
2, 11
Let t(f) = -603*f - 36. Let v be t(5). Let s = 4324 + v. List the prime factors of s.
19, 67
Suppose 3*d + 2*n - 12 = 7*n, -2*d - n = -8. Let o(a) = 114*a + 10. What are the prime factors of o(d)?
2, 233
Let h = -29821 + 81577. List the prime factors of h.
2, 3, 19, 227
Let r = -5981 + 8265. What are the prime factors of r?
2, 571
Suppose -236 = -7*g + 254. Suppose 25*d = 32*d - g. Let w(i) = 2*i**3 - 18*i**2 + 7*i + 2. What are the prime factors of w(d)?
2, 17
Let t(w) = -w**2 - 23*w + 64. Let f be t(-25). List the prime factors of (-1717)/(-9) - (-15)/(945/f).
191
Suppose 0 = -289*d + 293*d - 240. Suppose -d - 648 = -4*f. What are the prime factors of f?
3, 59
Let l(n) = 531*n**2 - 168*n - 1598. List the prime factors of l(-9).
5, 17, 101
Let m(k) = 792*k - 3*k**2 - 797*k + 15*k**2 - 29. What are the prime factors of m(7)?
2, 131
Let u = 116116 - 80940. List the prime factors of u.
2, 4397
Let g = 35 + -78. Let f = 1734 + -1608. Let h = f + g. What are the prime factors of h?
83
Let b = -2 + 5. Let r be b*2/(-21) + (-4)/(-14). Suppose 22*n - 21*n - 95 = r. What are the prime factors of n?
5, 19
List the prime factors of (396/77 - 6)/(1 - (-99522)/(-99519)).
2, 3, 7, 677
List the prime factors of 1*259/35*(1 + 304).
37, 61
Let b(g) = -23*g**2 - 2495*g + 46. List the prime factors of b(-43).
2, 17, 953
Suppose -p - 8 = -2*p - a, -2*p = 5*a - 19. Suppose 2*s = -n + 12, -2*n + 5*s - 55 = -p*n. Suppose n*u - 270 = 7*u. List the prime factors of u.
2, 3, 5
Suppose 13*z + 13*z - 388982 - 75456 = 0. List the prime factors of z.
17863
What are the prime factors of ((-16)/72 - (-7988)/(-18))*73/(-3)?
2, 37, 73
Let a(w) = -6*w - 15. Let j be a(-3). Suppose -2*h + j*z + 79 = -h, -379 = -5*h - z. List the prime factors of h.
2, 19
Let k = 30 + -16. Let p = k - -4. List the prime factors of (91/(-21))/((-1)/p).
2, 3, 13
Let u be -5*9/(-225)*0. Suppose -7*s + u*s = -7455. List the prime factors of s.
3, 5, 71
Suppose 81588 + 58241 = 3*p + 4*a, -4*p = a - 186469. List the prime factors of p.
46619
Let i = -81 + 86. Suppose -2190 = i*x - 3*r, 0 = 2*x + x - r + 1318. Let v = -265 - x. What are the prime factors of v?
2, 11
Let r = 8286 + 4350. List the prime factors of r.
2, 3, 13
Suppose 0 = -15*x + 20 + 100. Suppose -10*l + 17784 = x*l. List the prime factors of l.
2, 13, 19
Let k(v) = -7*v**3 + v**2 + 2*v. Let j be k(-3). Let h = j + 204. Suppose -4*q - 2*y + h = 0, -1 + 3 = y. What are the prime factors of q?
2, 7
Suppose 0 = v + 4, -4*m - 9 = 4*v + 19. List the prime factors of -1 + m/(-5) + 23361/65.
359
Let h be -38 - (-4 - -4 - -4). Let z be 1/2 + (-11949)/h. Let d = -163 + z. What are the prime factors of d?
2, 61
Let d(r) = -r**3 - 33*r**2 - 66*r - 898. List the prime factors of d(-46).
2, 3, 61
Let k = -16 + 15. Let x be ((-4)/8)/(k/2). What are the prim